+ 10. What is the remainder when o(-2) is divided by 19?
16
Let p(l) = 6*l**3 + l**2 + 4*l - 3. Let d be p(3). Suppose 15*i = 19*i - d. Calculate the remainder when i is divided by ((-24)/(-10))/((-3)/(-20)).
13
Suppose 2*q - 3*d = 68, -11*q + 12*q - 4*d = 29. Calculate the remainder when q is divided by 14.
9
Let i(d) = d**2 - 5*d + 14. Let m be i(11). Let z = m + -57. What is the remainder when z is divided by 12?
11
What is the remainder when (-1)/((38 + -37)*(-2)/934) is divided by 39?
38
Suppose -2*d + 2 = -2. Let a = 7 - d. Suppose -x = -a*k + 141, -128 - 17 = -5*k + 5*x. Calculate the remainder when 53 is divided by k.
25
What is the remainder when 37 is divided by (-6)/5*30/(-9)?
1
Let z(v) = -15*v - 1. Let k be z(-9). Suppose -4*o = -182 - k. Calculate the remainder when o is divided by 27.
25
Let g(c) be the third derivative of -c**5/60 + 3*c**4/4 - 5*c**3/6 - 9*c**2. Calculate the remainder when g(7) is divided by 15.
12
Suppose -4*f + 122 = -3*h + 526, 0 = -3*h - 4*f + 364. Suppose 11*g = 7*g + h. Calculate the remainder when 62 is divided by g.
30
Suppose 414 = 4*d - 2*u, u - 450 = -4*d - 33. Let z = -52 + d. Calculate the remainder when z is divided by 14.
10
Let n(q) = -2*q**2 - 26*q - 15. Calculate the remainder when n(-6) is divided by 21.
6
Calculate the remainder when 317 is divided by (-98)/(-21)*3/2.
2
Suppose -2*a - h = 10, -4*h = a + a + 4. Let b be 10/a + (-3)/9. What is the remainder when 34 is divided by (-25)/b + (-1)/2?
10
Suppose -5*v = -i - 16, -5*v + 5*i + 19 = -1. Suppose -v*c + 3 = -3. Calculate the remainder when c/(223/(-75) + 3) is divided by 19.
18
Let a(x) = 5*x + 18. Let s be a(-8). Let y = -8 - s. Calculate the remainder when 38 is divided by y.
10
Suppose 4*s = 5*r + 106, -2*s - 4*r + 39 = -1. Let h(i) = -18*i - 6. Let q be h(2). Calculate the remainder when s is divided by (-558)/q + 2/(-7).
11
Let j(m) = m**3 - 8*m**2 - 2*m - 10. Suppose 3*u + 8 = 4*u. Let h be j(u). Let v = 42 + h. What is the remainder when 28 is divided by v?
12
Let l(t) = 9*t - 10. Let k(o) = 8*o - 11. Let r(j) = -3*k(j) + 4*l(j). Calculate the remainder when 18 is divided by r(1).
3
Let u = -59 + 220. Let n(c) = -c**3 - 21*c**2 + 41. What is the remainder when u is divided by n(-21)?
38
Suppose x - 1015 = 3*z, 5*x - 14*z - 5039 = -11*z. Calculate the remainder when x is divided by 63.
61
Let l = -54 + 64. Calculate the remainder when 48 is divided by l.
8
Suppose -6*u + 140 = -u. Suppose 5*c - u = c. Let k = -21731 + 21757. What is the remainder when k is divided by c?
5
What is the remainder when 96 is divided by ((-136)/(-24))/((-1)/(-3)) + -4?
5
Let z = 101 - 31. Suppose 2*v + z = 7*v. Let r = 42 + -17. What is the remainder when r is divided by v?
11
Let c = 51 + -45. What is the remainder when 62 is divided by c/(-4)*340/(-30)?
11
Suppose 0 = -3*s + 5 + 10. Suppose m - 1 = -0*m, -5*m = s*j - 15. Suppose -r - 6 = -2*r. Calculate the remainder when r is divided by j.
0
Suppose 4164 = 391*o - 379*o. What is the remainder when o is divided by 12?
11
Let q be (1 - (-4)/(-1))/((-6)/4). Let t(m) = 3*m**3 + 4*m**2 - 1 - 2*m**2 - 3*m**2. Calculate the remainder when 35 is divided by t(q).
16
Suppose -124 + 64 = -5*j. Calculate the remainder when 33 is divided by j.
9
Let z = 115 - 81. What is the remainder when z is divided by 13?
8
Suppose 5*u + 25 = 5*l, l - 5*u = 2*l + 19. What is the remainder when 24 is divided by 1 + (-4 - -15) + l?
11
What is the remainder when 93 is divided by 188*1*((-30)/(-8))/15?
46
Let q(v) = v**2 + 7*v. Let k be q(-7). Let z be (-6)/(-15) - (-172)/20. Suppose 0 = s - k*s - z. Calculate the remainder when 23 is divided by s.
5
Let n(p) = -p**3 - 3*p**2 + p + 54. What is the remainder when n(0) is divided by 19?
16
Let w(f) = f**2 + 10*f + 5. Let v be 1/4 - 41/4. What is the remainder when 18 is divided by w(v)?
3
Let d = -4 + 18. Let b(i) = -i**2 + 9*i + 6. Let x be b(5). Suppose 4*t + 3*g = x, 2*t + 5*g - 3 = 3. What is the remainder when d is divided by t?
6
Let k(a) = a + 2. Let s be k(-4). Let f be (5/(-2))/(s/4). Suppose 2 = f*i - 13. What is the remainder when 6 is divided by i?
0
Let u = -1072 + 1886. What is the remainder when u is divided by 24?
22
Let c = -21 - -23. Calculate the remainder when 13 is divided by (-4)/(-2) - (-3 + c).
1
Suppose -121*u = -125*u + 1792. Calculate the remainder when u is divided by 149.
1
Suppose 28*s - 23*s - 65 = 0. Calculate the remainder when s is divided by ((-4)/(-6))/(4/30).
3
Let y(u) = -138*u**3 - 4*u - 5. Calculate the remainder when y(-1) is divided by 21.
11
Let m(j) = -4*j**3 + 18*j**2 + 9*j + 12. Calculate the remainder when 138 is divided by m(5).
5
Let x = 8 + 19. Suppose -2*c = -6*c + 12, -4*c + 18 = 2*g. What is the remainder when x is divided by g + -3 + 7/1?
6
Let h(z) = -z**3 - 4*z**2 + 28*z + 9. Calculate the remainder when 281 is divided by h(-8).
35
Let b = 40 - 89. Let a = b + 75. What is the remainder when 75 is divided by a?
23
Suppose -2 = -4*y + 5*y, 2*s = 5*y + 16. Let h(a) = -a**3 + 3*a**2 + a - 1. Let x be h(s). Let o = 11 - x. What is the remainder when 16 is divided by o?
7
Suppose 0 = 2*k - 10, 2*t - 6 + 0 = 2*k. Let o = t + 7. Calculate the remainder when o is divided by 8.
7
Let q = 43 + -24. Suppose 4*i = 185 + 191. Calculate the remainder when i is divided by q.
18
Let y(t) = 11*t - 6. Let q be y(1). What is the remainder when 60 is divided by (q + -10 - -2)*-3?
6
Let f = 134 + -58. What is the remainder when f is divided by 11?
10
Suppose t - 4*s - 10 = 9, -2*t = 5*s + 27. Let a = 161 - 152. What is the remainder when ((1 - 1) + t)*-17 is divided by a?
8
Let j = 144 + -101. Suppose -3*x = -5*f - 38, 5 = x - 3*f - 9. What is the remainder when j is divided by x?
10
Suppose -4*g + 22 = -2*g + 2*k, 0 = 3*g + 2*k - 29. Let j(l) = -8*l**3 - 3*l**2 - 2*l - 3. What is the remainder when j(-2) is divided by (-2)/7 - (-100)/g?
11
Calculate the remainder when 1361 is divided by ((-57)/(-114))/((-2)/(-248)).
59
Suppose -3 = 4*d - 0*a - a, 3 = -2*d + a. Let g be (180/4)/(-1) - d. Let x = g - -97. Calculate the remainder when x is divided by 18.
16
Suppose -39 = 2*n - 3*u - 49, 2*u = 0. Let p be -1*(-3)/(-9)*0. Suppose 0 = 3*v - 3*s - 48, 3*s + 12 = -p*s. What is the remainder when v is divided by n?
2
Suppose 8*t - 84 - 60 = 0. Calculate the remainder when 62 is divided by t.
8
What is the remainder when ((-21)/(-5))/(-7 - (-423)/60) is divided by 29?
26
Suppose -3*u = -14*u + 1100. What is the remainder when u is divided by 22?
12
Suppose 3*x - 54 = x. Let i(y) = -138*y - 7. Let j be i(-2). Let c = j - 190. What is the remainder when c is divided by x?
25
Let t(v) = -9*v**3 + v**2 + 4*v + 7. Let u be t(-2). Let r = u + -66. Let l = 30 + -13. Calculate the remainder when l is divided by r.
8
Let o(a) = a**2 - a + 2. Let s be o(3). Calculate the remainder when 2/s - 171/(-4) is divided by (3 - -3)/((-228)/(-418)).
10
Let l be 34/(-8) + ((-50)/(-8) - 6). What is the remainder when 51 + (l - (1 + -3)) is divided by 13?
10
Let u = 430 - 411. Suppose 4*t = -o + 12, 2*t - 2*o + 8 = o. Calculate the remainder when u is divided by t/6 + 14/3.
4
Suppose 2*q + 8 = 0, -s - 26 + 181 = q. Suppose 3*n + 0*n = s. Calculate the remainder when n is divided by 20.
13
Let n = 60 - 14. Let p = n - 25. What is the remainder when p is divided by 5?
1
Let c(a) = -4 + a**2 - 7*a + 2*a**2 - 4*a**2. Let i(x) = -x**3 + 5*x**2 - 8*x + 22. Calculate the remainder when i(4) is divided by c(-6).
0
Let u(p) = p**3 + 5*p**2 + 2. Let l be u(-5). Suppose a = l*a - 65. Let j = 715 - 704. What is the remainder when a is divided by j?
10
Let r = -15 + -46. Suppose 2*a = 2*c - 5*c + 251, a + 5 = 0. Let i = r + c. Calculate the remainder when 101 is divided by i.
23
Let r = 6 + -8. Let y be ((r - -3) + -32)*-1. What is the remainder when 57 is divided by y*1 + 14/(-7)?
28
Suppose -68 = -17*u + 510. Calculate the remainder when u is divided by 18.
16
Suppose -3*z + 1 = p + p, -5*p - 5*z = 0. Calculate the remainder when ((-22)/6)/(p/3) is divided by 3.
2
Let o(p) = 104*p - 1. Let v = 23 - 20. Suppose 0 = 5*d - 3*r + 7, 0 = 2*d + d - v*r + 9. Calculate the remainder when o(d) is divided by 26.
25
Let a(g) = g**3 + 3*g**2 - 4*g - 1. Let x be 7/(-3) - 4/6. Suppose 5*h = 3*h + 6